{"id":47,"date":"2023-08-02T18:07:39","date_gmt":"2023-08-02T22:07:39","guid":{"rendered":"https:\/\/www.karatesherbrooke.ca\/?page_id=47"},"modified":"2026-01-03T08:54:19","modified_gmt":"2026-01-03T13:54:19","slug":"karate-familial","status":"publish","type":"page","link":"https:\/\/www.karatesherbrooke.ca\/indexphp\/karate-familial\/","title":{"rendered":"Karat\u00e9 familial"},"content":{"rendered":"\n<div class=\"wp-block-cover is-light\" style=\"min-height:334px;aspect-ratio:unset;\"><img loading=\"lazy\" decoding=\"async\" width=\"2047\" height=\"880\" class=\"wp-block-cover__image-background wp-image-978\" alt=\"Cours de karat\u00e9 familial (parents\/enfants)\" src=\"https:\/\/www.karatesherbrooke.ca\/wp-content\/uploads\/2024\/02\/familial2-1.jpg\" style=\"object-position:54% 16%\" data-object-fit=\"cover\" data-object-position=\"54% 16%\" srcset=\"https:\/\/www.karatesherbrooke.ca\/wp-content\/uploads\/2024\/02\/familial2-1.jpg 2047w, https:\/\/www.karatesherbrooke.ca\/wp-content\/uploads\/2024\/02\/familial2-1-300x129.jpg 300w, https:\/\/www.karatesherbrooke.ca\/wp-content\/uploads\/2024\/02\/familial2-1-1024x440.jpg 1024w, https:\/\/www.karatesherbrooke.ca\/wp-content\/uploads\/2024\/02\/familial2-1-768x330.jpg 768w, https:\/\/www.karatesherbrooke.ca\/wp-content\/uploads\/2024\/02\/familial2-1-1536x660.jpg 1536w\" sizes=\"auto, (max-width: 2047px) 100vw, 2047px\" \/><span aria-hidden=\"true\" class=\"wp-block-cover__background has-background-dim\"><\/span><div class=\"wp-block-cover__inner-container is-layout-flow wp-block-cover-is-layout-flow\">\n<h1 class=\"wp-block-heading has-text-align-center has-white-color has-text-color has-large-font-size\" id=\"h-cours-de-karate-familial\"><strong>Cours de karat\u00e9 familial<\/strong><\/h1>\n<\/div><\/div>\n\n\n\n<h2 class=\"wp-block-heading has-text-align-left has-large-font-size\" id=\"h-le-dojo-kazoku-offre-des-cours-de-karate-pour-toute-la-famille\"><strong>Le Dojo Kazoku offre des cours de karat\u00e9 pour toute la famille<\/strong><\/h2>\n\n\n\n<h3 class=\"wp-block-heading has-text-align-left has-background\" id=\"h-les-mardis-chez-praxede-et-jeudis-calimacil-de-18h30-a-19h30\" style=\"background:radial-gradient(rgb(254,205,165) 0%,rgb(254,45,45) 50%,rgb(107,0,62) 100%);font-size:34px\">Les mardis <strong>(<a href=\"https:\/\/www.karatesherbrooke.ca\/indexphp\/contact\/#praxede\">Chez Prax\u00e8de<\/a>)<\/strong> et jeudis <strong>(<a href=\"https:\/\/www.karatesherbrooke.ca\/indexphp\/contact\/#calimacil\">Calimacil<\/a><\/strong>) de 18h30 \u00e0 19h30<\/h3>\n\n\n\n<h2 class=\"wp-block-heading has-text-align-left has-white-color has-black-background-color has-text-color has-background has-link-color wp-elements-72bca4dd4ed65bf25856871a3b999247\" id=\"h-inscriptions-acceptees-en-tout-temps-debut-des-cours-le-6-janvier\" style=\"font-size:30px\">Inscriptions accept\u00e9es en tout temps (d\u00e9but des cours le 6 janvier)<\/h2>\n\n\n\n<p class=\"has-text-align-left has-medium-font-size\"><strong>Le cours de karat\u00e9<a href=\"https:\/\/canadianchitoryu.ca\/\"> familial Chito-Ryu<\/a> du jeudi favorise une approche parents\/enfants. Inscrivez-vous en famille!<\/strong><\/p>\n\n\n\n<div class=\"wp-block-columns is-layout-flex wp-container-core-columns-is-layout-9d6595d7 wp-block-columns-is-layout-flex\">\n<div class=\"wp-block-column has-cyan-bluish-gray-background-color has-background is-layout-flow wp-block-column-is-layout-flow\">\n<p class=\"has-text-align-center has-white-color has-black-background-color has-text-color has-background\" style=\"font-size:32px\"><strong>Pour qui?<\/strong><\/p>\n\n\n\n<ul class=\"wp-block-list\">\n<li class=\"has-medium-font-size\">Les familles (parents et enfants).<\/li>\n\n\n\n<li class=\"has-medium-font-size\">Les enfants de 5 \u00e0 12 ans (accompagn\u00e9s d&#8217;un parent).<\/li>\n\n\n\n<li class=\"has-medium-font-size\">Toutes personnes int\u00e9ress\u00e9es par l&#8217;apprentissage d&#8217;un art martial.<\/li>\n<\/ul>\n<\/div>\n\n\n\n<div class=\"wp-block-column has-cyan-bluish-gray-background-color has-background is-layout-flow wp-block-column-is-layout-flow\">\n<p class=\"has-text-align-center has-white-color has-black-background-color has-text-color has-background\" style=\"font-size:32px\"><strong>Pourquoi?<\/strong><\/p>\n\n\n\n<ul class=\"wp-block-list\">\n<li class=\"has-medium-font-size\">D\u00e9veloppement personnel et confiance en soi.<\/li>\n\n\n\n<li class=\"has-medium-font-size\">Mise en forme, coordination et concentration.<\/li>\n\n\n\n<li class=\"has-medium-font-size\">Occasion de vivre une exp\u00e9rience en famille.<\/li>\n\n\n\n<li class=\"has-medium-font-size\">Le plaisir partag\u00e9 et la progression de chacun, dans un dojo convivial.&nbsp;<\/li>\n\n\n\n<li class=\"has-medium-font-size\">Auto-d\u00e9fense.<\/li>\n\n\n\n<li class=\"has-medium-font-size\">Croissance personnelle.<\/li>\n<\/ul>\n<\/div>\n\n\n\n<div class=\"wp-block-column has-cyan-bluish-gray-background-color has-background is-layout-flow wp-block-column-is-layout-flow\">\n<p class=\"has-text-align-center has-white-color has-black-background-color has-text-color has-background\" style=\"font-size:32px\"><strong>Comment?<\/strong><\/p>\n\n\n\n<ul class=\"wp-block-list\">\n<li class=\"has-medium-font-size\">Apprentissage personnalis\u00e9 et \u00e0 votre rythme.<\/li>\n\n\n\n<li class=\"has-medium-font-size\">Apprentissage par le jeu pour les enfants.<\/li>\n\n\n\n<li class=\"has-medium-font-size\">Apprentissage des kihons et katas pour d\u00e9velopper le corps, la technique et l&#8217;attitude mentale (shin, gi, tai).<\/li>\n\n\n\n<li class=\"has-medium-font-size\">Dans le respect de soi, des autres.<\/li>\n\n\n\n<li class=\"has-medium-font-size\">Dans l&#8217;humilit\u00e9, la courtoisie, la d\u00e9termination et la patience.<\/li>\n\n\n\n<li class=\"has-medium-font-size\">Par la collaboration et l&#8217;entraide.<\/li>\n<\/ul>\n<\/div>\n<\/div>\n\n\n\n<hr class=\"wp-block-separator has-alpha-channel-opacity\"\/>\n\n\n\n<p id=\"block-ce54204c-ebc2-44fd-88b3-eba136fc8ca9\"><strong>\u00c0 votre rythme<\/strong><\/p>\n\n\n\n<p class=\"has-medium-font-size\" id=\"block-5cc67ad1-e78d-418e-aa2f-da818a720d71\">La pratique du karat\u00e9 est accessible \u00e0 tous.&nbsp; Tout se passe \u00e0 votre rythme, selon vos disponibilit\u00e9s, votre sant\u00e9, votre \u00e2ge, vos int\u00e9r\u00eats, vos aptitudes ou vos contraintes.<\/p>\n\n\n\n<div class=\"wp-block-columns is-layout-flex wp-container-core-columns-is-layout-9d6595d7 wp-block-columns-is-layout-flex\">\n<div class=\"wp-block-column is-layout-flow wp-block-column-is-layout-flow\">\n<p class=\"has-text-align-center has-white-color has-text-color has-background\" style=\"background-color:#2d2222;font-size:34px\"><strong>\r\n\t<a class=\"paoc-popup-click paoc-popup-cust-309 paoc-popup-simple_link paoc-popup-link\" href=\"javascript:void(0);\">Co\u00fbts des cours<\/a>\r\n\r\n<\/strong><\/p>\n<\/div>\n\n\n\n<div class=\"wp-block-column is-vertically-aligned-center is-layout-flow wp-block-column-is-layout-flow\" style=\"flex-basis:50%\">\n<p class=\"has-text-align-center has-vivid-red-color has-text-color has-large-font-size\" style=\"font-style:normal;font-weight:800;text-decoration:underline\"><strong>Profitez de deux semaines d&#8217;essais gratuits!!!<\/strong><\/p>\n<\/div>\n<\/div>\n\n\n\n<div class=\"wp-block-columns is-layout-flex wp-container-core-columns-is-layout-9d6595d7 wp-block-columns-is-layout-flex\">\n<div class=\"wp-block-column is-layout-flow wp-block-column-is-layout-flow\"><div\n\t\tclass=\"free align wp-block-btn-button\"\tid='btnButton-2'\n\tdata-nonce='&quot;9272575783&quot;'\n\tdata-attributes='{&quot;cPostId&quot;:47,&quot;text&quot;:&quot;S&#039;inscrire&quot;,&quot;url&quot;:&quot;https:\\\/\\\/www.karatesherbrooke.ca\\\/index.php\\\/inscription\\\/&quot;,&quot;icon&quot;:{&quot;class&quot;:&quot;&quot;,&quot;name&quot;:&quot;no-icon&quot;},&quot;typography&quot;:{&quot;fontSize&quot;:22,&quot;fontWeight&quot;:600,&quot;textDecoration&quot;:&quot;underline&quot;,&quot;lineHeight&quot;:&quot;110%&quot;},&quot;colors&quot;:{&quot;color&quot;:&quot;#fff&quot;,&quot;bg&quot;:&quot;rgba(194, 34, 34, 1)&quot;},&quot;hovColors&quot;:{&quot;color&quot;:&quot;#fff&quot;,&quot;bg&quot;:&quot;rgba(24, 125, 88, 0.98)&quot;},&quot;padding&quot;:{&quot;vertical&quot;:&quot;8px&quot;,&quot;horizontal&quot;:&quot;10px&quot;},&quot;border&quot;:{&quot;radius&quot;:&quot;5px&quot;,&quot;width&quot;:&quot;4px&quot;,&quot;color&quot;:&quot;rgba(0, 0, 0, 1)&quot;},&quot;align&quot;:&quot;&quot;,&quot;actionType&quot;:&quot;link&quot;,&quot;security&quot;:&quot;none&quot;,&quot;securityPassword&quot;:&quot;&quot;,&quot;tooltip&quot;:&quot;&quot;,&quot;tooltipPos&quot;:&quot;top&quot;,&quot;target&quot;:&quot;_self&quot;,&quot;attrs&quot;:{&quot;rel&quot;:&quot;noreferrer&quot;,&quot;referrerpolicy&quot;:&quot;no-referrer&quot;},&quot;hideOn&quot;:{&quot;desktop&quot;:false,&quot;tablet&quot;:false,&quot;mobile&quot;:false},&quot;isDownload&quot;:false,&quot;downloadFileName&quot;:&quot;&quot;,&quot;isUpIcon&quot;:false,&quot;upIcon&quot;:{&quot;id&quot;:null,&quot;url&quot;:&quot;&quot;,&quot;alt&quot;:&quot;&quot;,&quot;title&quot;:&quot;&quot;},&quot;iconPos&quot;:&quot;left&quot;,&quot;type&quot;:&quot;flat&quot;,&quot;isFullWidth&quot;:false,&quot;size&quot;:&quot;medium&quot;,&quot;popup&quot;:{&quot;type&quot;:&quot;image&quot;,&quot;content&quot;:&quot;&quot;,&quot;caption&quot;:&quot;&quot;,&quot;width&quot;:&quot;&quot;},&quot;animationType&quot;:&quot;&quot;,&quot;animationDuration&quot;:0.4,&quot;addID&quot;:&quot;&quot;,&quot;addCSS&quot;:&quot;&quot;,&quot;alignment&quot;:&quot;center&quot;,&quot;shadow&quot;:[]}'\n\tdata-info='{&quot;userRoles&quot;:[],&quot;loginURL&quot;:&quot;https:\\\/\\\/www.karatesherbrooke.ca\\\/wp-login.php&quot;}'\n\tdata-pipecheck=''\n><\/div><\/div>\n\n\n\n<div class=\"wp-block-column is-layout-flow wp-block-column-is-layout-flow\"><div\n\t\tclass=\"free align wp-block-btn-button\"\tid='btnButton-3'\n\tdata-nonce='&quot;9272575783&quot;'\n\tdata-attributes='{&quot;cPostId&quot;:47,&quot;text&quot;:&quot;Nous contacter&quot;,&quot;url&quot;:&quot;https:\\\/\\\/www.karatesherbrooke.ca\\\/index.php\\\/contact\\\/&quot;,&quot;icon&quot;:{&quot;class&quot;:&quot;&quot;,&quot;name&quot;:&quot;no-icon&quot;},&quot;typography&quot;:{&quot;fontSize&quot;:22,&quot;fontWeight&quot;:600,&quot;textDecoration&quot;:&quot;underline&quot;,&quot;lineHeight&quot;:&quot;110%&quot;},&quot;colors&quot;:{&quot;color&quot;:&quot;#fff&quot;,&quot;bg&quot;:&quot;rgba(194, 34, 34, 1)&quot;},&quot;hovColors&quot;:{&quot;color&quot;:&quot;#fff&quot;,&quot;bg&quot;:&quot;rgba(24, 125, 88, 0.98)&quot;},&quot;padding&quot;:{&quot;vertical&quot;:&quot;8px&quot;,&quot;horizontal&quot;:&quot;12px&quot;},&quot;border&quot;:{&quot;radius&quot;:&quot;5px&quot;,&quot;width&quot;:&quot;4px&quot;,&quot;color&quot;:&quot;rgba(0, 0, 0, 1)&quot;},&quot;align&quot;:&quot;&quot;,&quot;actionType&quot;:&quot;link&quot;,&quot;security&quot;:&quot;none&quot;,&quot;securityPassword&quot;:&quot;&quot;,&quot;tooltip&quot;:&quot;&quot;,&quot;tooltipPos&quot;:&quot;top&quot;,&quot;target&quot;:&quot;_self&quot;,&quot;attrs&quot;:{&quot;rel&quot;:&quot;noreferrer&quot;,&quot;referrerpolicy&quot;:&quot;no-referrer&quot;},&quot;hideOn&quot;:{&quot;desktop&quot;:false,&quot;tablet&quot;:false,&quot;mobile&quot;:false},&quot;isDownload&quot;:false,&quot;downloadFileName&quot;:&quot;&quot;,&quot;isUpIcon&quot;:false,&quot;upIcon&quot;:{&quot;id&quot;:null,&quot;url&quot;:&quot;&quot;,&quot;alt&quot;:&quot;&quot;,&quot;title&quot;:&quot;&quot;},&quot;iconPos&quot;:&quot;left&quot;,&quot;type&quot;:&quot;flat&quot;,&quot;isFullWidth&quot;:false,&quot;size&quot;:&quot;medium&quot;,&quot;popup&quot;:{&quot;type&quot;:&quot;image&quot;,&quot;content&quot;:&quot;&quot;,&quot;caption&quot;:&quot;&quot;,&quot;width&quot;:&quot;&quot;},&quot;animationType&quot;:&quot;&quot;,&quot;animationDuration&quot;:0.4,&quot;addID&quot;:&quot;&quot;,&quot;addCSS&quot;:&quot;&quot;,&quot;alignment&quot;:&quot;center&quot;,&quot;shadow&quot;:[]}'\n\tdata-info='{&quot;userRoles&quot;:[],&quot;loginURL&quot;:&quot;https:\\\/\\\/www.karatesherbrooke.ca\\\/wp-login.php&quot;}'\n\tdata-pipecheck=''\n><\/div><\/div>\n\n\n\n<div class=\"wp-block-column is-layout-flow wp-block-column-is-layout-flow\"><div\n\t\tclass=\"free align wp-block-btn-button\"\tid='btnButton-4'\n\tdata-nonce='&quot;9272575783&quot;'\n\tdata-attributes='{&quot;cPostId&quot;:47,&quot;text&quot;:&quot;En savoir plus ...&quot;,&quot;url&quot;:&quot;https:\\\/\\\/www.karatesherbrooke.ca\\\/index.php\\\/presentation-karate&quot;,&quot;icon&quot;:{&quot;class&quot;:&quot;&quot;,&quot;name&quot;:&quot;no-icon&quot;},&quot;typography&quot;:{&quot;fontSize&quot;:20,&quot;fontWeight&quot;:600,&quot;textDecoration&quot;:&quot;none&quot;,&quot;lineHeight&quot;:&quot;110%&quot;},&quot;colors&quot;:{&quot;color&quot;:&quot;#fff&quot;,&quot;bg&quot;:&quot;rgba(194, 34, 34, 1)&quot;},&quot;hovColors&quot;:{&quot;color&quot;:&quot;#fff&quot;,&quot;bg&quot;:&quot;rgba(24, 125, 88, 0.98)&quot;},&quot;padding&quot;:{&quot;vertical&quot;:&quot;8px&quot;,&quot;horizontal&quot;:&quot;12px&quot;},&quot;border&quot;:{&quot;radius&quot;:&quot;5px&quot;,&quot;width&quot;:&quot;4px&quot;,&quot;color&quot;:&quot;rgba(0, 0, 0, 1)&quot;},&quot;align&quot;:&quot;&quot;,&quot;actionType&quot;:&quot;link&quot;,&quot;security&quot;:&quot;none&quot;,&quot;securityPassword&quot;:&quot;&quot;,&quot;tooltip&quot;:&quot;&quot;,&quot;tooltipPos&quot;:&quot;top&quot;,&quot;target&quot;:&quot;_self&quot;,&quot;attrs&quot;:{&quot;rel&quot;:&quot;noreferrer&quot;,&quot;referrerpolicy&quot;:&quot;no-referrer&quot;},&quot;hideOn&quot;:{&quot;desktop&quot;:false,&quot;tablet&quot;:false,&quot;mobile&quot;:false},&quot;isDownload&quot;:false,&quot;downloadFileName&quot;:&quot;&quot;,&quot;isUpIcon&quot;:false,&quot;upIcon&quot;:{&quot;id&quot;:null,&quot;url&quot;:&quot;&quot;,&quot;alt&quot;:&quot;&quot;,&quot;title&quot;:&quot;&quot;},&quot;iconPos&quot;:&quot;left&quot;,&quot;type&quot;:&quot;flat&quot;,&quot;isFullWidth&quot;:false,&quot;size&quot;:&quot;medium&quot;,&quot;popup&quot;:{&quot;type&quot;:&quot;image&quot;,&quot;content&quot;:&quot;&quot;,&quot;caption&quot;:&quot;&quot;,&quot;width&quot;:&quot;&quot;},&quot;animationType&quot;:&quot;&quot;,&quot;animationDuration&quot;:0.4,&quot;addID&quot;:&quot;&quot;,&quot;addCSS&quot;:&quot;&quot;,&quot;alignment&quot;:&quot;center&quot;,&quot;shadow&quot;:[]}'\n\tdata-info='{&quot;userRoles&quot;:[],&quot;loginURL&quot;:&quot;https:\\\/\\\/www.karatesherbrooke.ca\\\/wp-login.php&quot;}'\n\tdata-pipecheck=''\n><\/div><\/div>\n<\/div>\n\n\n\n<hr class=\"wp-block-separator has-text-color has-black-color has-alpha-channel-opacity has-black-background-color has-background is-style-wide\"\/>\n\n\n\n<p class=\"has-text-align-center has-large-font-size\"><strong>Pour  plus d&#8217;informations!<\/strong><\/p>\n\n\n\n<div class=\"wp-block-columns is-layout-flex wp-container-core-columns-is-layout-9d6595d7 wp-block-columns-is-layout-flex\">\n<div class=\"wp-block-column is-layout-flow wp-block-column-is-layout-flow\">\n<ul class=\"wp-block-social-links aligncenter has-visible-labels is-layout-flex wp-block-social-links-is-layout-flex\"><li class=\"wp-social-link wp-social-link-facebook  wp-block-social-link\"><a rel=\"noopener nofollow\" target=\"_blank\" href=\"https:\/\/www.facebook.com\/groups\/dojokazoku\" class=\"wp-block-social-link-anchor\"><svg width=\"24\" height=\"24\" viewBox=\"0 0 24 24\" version=\"1.1\" xmlns=\"http:\/\/www.w3.org\/2000\/svg\" aria-hidden=\"true\" focusable=\"false\"><path d=\"M12 2C6.5 2 2 6.5 2 12c0 5 3.7 9.1 8.4 9.9v-7H7.9V12h2.5V9.8c0-2.5 1.5-3.9 3.8-3.9 1.1 0 2.2.2 2.2.2v2.5h-1.3c-1.2 0-1.6.8-1.6 1.6V12h2.8l-.4 2.9h-2.3v7C18.3 21.1 22 17 22 12c0-5.5-4.5-10-10-10z\"><\/path><\/svg><span class=\"wp-block-social-link-label\">Suivez les activit\u00e9s du dojo sur Facebook<\/span><\/a><\/li><\/ul>\n<\/div>\n\n\n\n<div class=\"wp-block-column is-layout-flow wp-block-column-is-layout-flow\">\n<p class=\"has-text-align-left has-medium-font-size\"><strong><a href=\"mailto:dojokazoku.sherbrooke@gmail.com\" data-type=\"mailto\" data-id=\"mailto:dojokazoku.sherbrooke@gmail.com\">\u00c9crivez-nous<\/a> ou                                       appelez-nous au 873-888-8314!<\/strong><\/p>\n<\/div>\n\n\n\n<div class=\"wp-block-column is-layout-flow wp-block-column-is-layout-flow\">\n<ul class=\"wp-block-social-links aligncenter has-visible-labels is-layout-flex wp-block-social-links-is-layout-flex\"><li class=\"wp-social-link wp-social-link-facebook  wp-block-social-link\"><a rel=\"noopener nofollow\" target=\"_blank\" href=\"https:\/\/www.facebook.com\/profile.php?id=100066665259833\" class=\"wp-block-social-link-anchor\"><svg width=\"24\" height=\"24\" viewBox=\"0 0 24 24\" version=\"1.1\" xmlns=\"http:\/\/www.w3.org\/2000\/svg\" aria-hidden=\"true\" focusable=\"false\"><path d=\"M12 2C6.5 2 2 6.5 2 12c0 5 3.7 9.1 8.4 9.9v-7H7.9V12h2.5V9.8c0-2.5 1.5-3.9 3.8-3.9 1.1 0 2.2.2 2.2.2v2.5h-1.3c-1.2 0-1.6.8-1.6 1.6V12h2.8l-.4 2.9h-2.3v7C18.3 21.1 22 17 22 12c0-5.5-4.5-10-10-10z\"><\/path><\/svg><span class=\"wp-block-social-link-label\">Suivez le Kobujutsu sur Facebook<\/span><\/a><\/li><\/ul>\n<\/div>\n<\/div>\n\n\n\n<hr class=\"wp-block-separator has-text-color has-black-color has-alpha-channel-opacity has-black-background-color has-background is-style-wide\"\/>\n\n\n\n<p class=\"has-vivid-cyan-blue-color has-cyan-bluish-gray-background-color has-text-color has-background has-link-color has-medium-font-size wp-elements-c2b188a741e23adf62433caf2a7264e0\"><a href=\"https:\/\/www.karatesherbrooke.ca\"><strong>Retour \u00e0 la page principale&#8230;<\/strong><\/a>Ou au page de <a href=\"https:\/\/www.karatesherbrooke.ca\/indexphp\/2023\/08\/12\/cours-de-karate-et-de-kobujutsu-kazoku-sherbrooke\/\">bienvenue<\/a><\/p>\n","protected":false},"excerpt":{"rendered":"<p>Cours de karat\u00e9 pour parents\/enfants<\/p>\n","protected":false},"author":1,"featured_media":1008,"parent":0,"menu_order":0,"comment_status":"closed","ping_status":"closed","template":"","meta":{"ngg_post_thumbnail":0,"footnotes":""},"class_list":["post-47","page","type-page","status-publish","has-post-thumbnail","hentry"],"yoast_head":"<!-- This site is optimized with the Yoast SEO Premium plugin v27.6 (Yoast SEO v27.6) - https:\/\/yoast.com\/product\/yoast-seo-premium-wordpress\/ -->\n<title>Cours de karat\u00e9 familial - Dojo Kazoku Sherbrooke<\/title>\n<meta name=\"description\" content=\"Nous offrons des cours de karat\u00e9 pour toute la famille (parents\/enfants), Notre adoptons une approche familiale lors de notre formation.\" \/>\n<meta name=\"robots\" content=\"index, follow, max-snippet:-1, max-image-preview:large, max-video-preview:-1\" \/>\n<link rel=\"canonical\" href=\"https:\/\/www.karatesherbrooke.ca\/indexphp\/karate-familial\/\" \/>\n<meta property=\"og:locale\" content=\"fr_CA\" \/>\n<meta property=\"og:type\" content=\"article\" \/>\n<meta property=\"og:title\" content=\"Cours de karat\u00e9 et de kobudo \u00e0 Sherbrooke - Dojo Kazoku Sherbrooke\" \/>\n<meta property=\"og:description\" content=\"\u00c9cole d&#039;arts martiaux offrant des cours de karat\u00e9 traditionnel japonais et de kobudo (armes traditionnelles) pour tous (individuel ou en famille)\" \/>\n<meta property=\"og:url\" content=\"https:\/\/www.karatesherbrooke.ca\/indexphp\/karate-familial\/\" \/>\n<meta property=\"og:site_name\" content=\"Dojo Kazoku Sherbrooke\" \/>\n<meta property=\"article:publisher\" content=\"https:\/\/www.facebook.com\/groups\/dojokazoku\" \/>\n<meta property=\"article:modified_time\" content=\"2026-01-03T13:54:19+00:00\" \/>\n<meta property=\"og:image\" content=\"https:\/\/www.karatesherbrooke.ca\/wp-content\/uploads\/2024\/08\/famillial3-2.jpg\" \/>\n\t<meta property=\"og:image:width\" content=\"1200\" \/>\n\t<meta property=\"og:image:height\" content=\"718\" \/>\n\t<meta property=\"og:image:type\" content=\"image\/jpeg\" \/>\n<meta name=\"twitter:card\" content=\"summary_large_image\" \/>\n<meta name=\"twitter:label1\" content=\"Estimation du temps de lecture\" \/>\n\t<meta name=\"twitter:data1\" content=\"2 minutes\" \/>\n<!-- \/ Yoast SEO Premium plugin. -->","yoast_head_json":{"title":"Cours de karat\u00e9 familial - Dojo Kazoku Sherbrooke","description":"Nous offrons des cours de karat\u00e9 pour toute la famille (parents\/enfants), Notre adoptons une approche familiale lors de notre formation.","robots":{"index":"index","follow":"follow","max-snippet":"max-snippet:-1","max-image-preview":"max-image-preview:large","max-video-preview":"max-video-preview:-1"},"canonical":"https:\/\/www.karatesherbrooke.ca\/indexphp\/karate-familial\/","og_locale":"fr_CA","og_type":"article","og_title":"Cours de karat\u00e9 et de kobudo \u00e0 Sherbrooke - Dojo Kazoku Sherbrooke","og_description":"\u00c9cole d'arts martiaux offrant des cours de karat\u00e9 traditionnel japonais et de kobudo (armes traditionnelles) pour tous (individuel ou en famille)","og_url":"https:\/\/www.karatesherbrooke.ca\/indexphp\/karate-familial\/","og_site_name":"Dojo Kazoku Sherbrooke","article_publisher":"https:\/\/www.facebook.com\/groups\/dojokazoku","article_modified_time":"2026-01-03T13:54:19+00:00","og_image":[{"width":1200,"height":718,"url":"https:\/\/www.karatesherbrooke.ca\/wp-content\/uploads\/2024\/08\/famillial3-2.jpg","type":"image\/jpeg"}],"twitter_card":"summary_large_image","twitter_misc":{"Estimation du temps de lecture":"2 minutes"},"schema":{"@context":"https:\/\/schema.org","@graph":[{"@type":"Article","@id":"https:\/\/www.karatesherbrooke.ca\/indexphp\/karate-familial\/#article","isPartOf":{"@id":"https:\/\/www.karatesherbrooke.ca\/indexphp\/karate-familial\/"},"author":{"name":"girard","@id":"https:\/\/www.karatesherbrooke.ca\/#\/schema\/person\/6d8fd686824829e72318a03e4c133917"},"headline":"Karat\u00e9 familial","datePublished":"2023-08-02T22:07:39+00:00","dateModified":"2026-01-03T13:54:19+00:00","mainEntityOfPage":{"@id":"https:\/\/www.karatesherbrooke.ca\/indexphp\/karate-familial\/"},"wordCount":241,"publisher":{"@id":"https:\/\/www.karatesherbrooke.ca\/#organization"},"image":{"@id":"https:\/\/www.karatesherbrooke.ca\/indexphp\/karate-familial\/#primaryimage"},"thumbnailUrl":"https:\/\/www.karatesherbrooke.ca\/wp-content\/uploads\/2024\/08\/famillial3-2.jpg","inLanguage":"fr-CA"},{"@type":"WebPage","@id":"https:\/\/www.karatesherbrooke.ca\/indexphp\/karate-familial\/","url":"https:\/\/www.karatesherbrooke.ca\/indexphp\/karate-familial\/","name":"Cours de karat\u00e9 familial - Dojo Kazoku Sherbrooke","isPartOf":{"@id":"https:\/\/www.karatesherbrooke.ca\/#website"},"primaryImageOfPage":{"@id":"https:\/\/www.karatesherbrooke.ca\/indexphp\/karate-familial\/#primaryimage"},"image":{"@id":"https:\/\/www.karatesherbrooke.ca\/indexphp\/karate-familial\/#primaryimage"},"thumbnailUrl":"https:\/\/www.karatesherbrooke.ca\/wp-content\/uploads\/2024\/08\/famillial3-2.jpg","datePublished":"2023-08-02T22:07:39+00:00","dateModified":"2026-01-03T13:54:19+00:00","description":"Nous offrons des cours de karat\u00e9 pour toute la famille (parents\/enfants), Notre adoptons une approche familiale lors de notre formation.","breadcrumb":{"@id":"https:\/\/www.karatesherbrooke.ca\/indexphp\/karate-familial\/#breadcrumb"},"inLanguage":"fr-CA","potentialAction":[{"@type":"ReadAction","target":["https:\/\/www.karatesherbrooke.ca\/indexphp\/karate-familial\/"]}]},{"@type":"ImageObject","inLanguage":"fr-CA","@id":"https:\/\/www.karatesherbrooke.ca\/indexphp\/karate-familial\/#primaryimage","url":"https:\/\/www.karatesherbrooke.ca\/wp-content\/uploads\/2024\/08\/famillial3-2.jpg","contentUrl":"https:\/\/www.karatesherbrooke.ca\/wp-content\/uploads\/2024\/08\/famillial3-2.jpg","width":1200,"height":718,"caption":"\u00c9cole d'arts martiaux : karat\u00e9 et kobudo. Dojo Kazoku Sherbrooke."},{"@type":"BreadcrumbList","@id":"https:\/\/www.karatesherbrooke.ca\/indexphp\/karate-familial\/#breadcrumb","itemListElement":[{"@type":"ListItem","position":1,"name":"Accueil","item":"https:\/\/www.karatesherbrooke.ca\/"},{"@type":"ListItem","position":2,"name":"Karat\u00e9 familial"}]},{"@type":"WebSite","@id":"https:\/\/www.karatesherbrooke.ca\/#website","url":"https:\/\/www.karatesherbrooke.ca\/","name":"Dojo Kazoku Sherbrooke","description":"Cours de karat\u00e9 et kobudo","publisher":{"@id":"https:\/\/www.karatesherbrooke.ca\/#organization"},"alternateName":"Cours de karat\u00e9 et de kobujutsu","potentialAction":[{"@type":"SearchAction","target":{"@type":"EntryPoint","urlTemplate":"https:\/\/www.karatesherbrooke.ca\/?s={search_term_string}"},"query-input":{"@type":"PropertyValueSpecification","valueRequired":true,"valueName":"search_term_string"}}],"inLanguage":"fr-CA"},{"@type":"Organization","@id":"https:\/\/www.karatesherbrooke.ca\/#organization","name":"Dojo Kazoku Sherbrooke","alternateName":"\u00c9cole de karat\u00e9","url":"https:\/\/www.karatesherbrooke.ca\/","logo":{"@type":"ImageObject","inLanguage":"fr-CA","@id":"https:\/\/www.karatesherbrooke.ca\/#\/schema\/logo\/image\/","url":"https:\/\/www.karatesherbrooke.ca\/wp-content\/uploads\/2023\/08\/cropped-cropped-logo-e1690990206920-1.jpg","contentUrl":"https:\/\/www.karatesherbrooke.ca\/wp-content\/uploads\/2023\/08\/cropped-cropped-logo-e1690990206920-1.jpg","width":246,"height":246,"caption":"Dojo Kazoku Sherbrooke"},"image":{"@id":"https:\/\/www.karatesherbrooke.ca\/#\/schema\/logo\/image\/"},"sameAs":["https:\/\/www.facebook.com\/groups\/dojokazoku","https:\/\/www.facebook.com\/profile.php?id=100066665259833"],"description":"\u00c9cole offrant des cours de karat\u00e9 et de kobujutsu \u00e0 Sherbrooke","email":"dojokazoku.sherbrooke@gmail.com","telephone":"873-888-8314","legalName":"Dojo Kazoku Sherbrooke"},{"@type":"Person","@id":"https:\/\/www.karatesherbrooke.ca\/#\/schema\/person\/6d8fd686824829e72318a03e4c133917","name":"girard","image":{"@type":"ImageObject","inLanguage":"fr-CA","@id":"https:\/\/secure.gravatar.com\/avatar\/ad07ca854bf380f1421fcd1a31eb43defaab7bca7131dc2c111a86e796cf0ac2?s=96&d=mm&r=g","url":"https:\/\/secure.gravatar.com\/avatar\/ad07ca854bf380f1421fcd1a31eb43defaab7bca7131dc2c111a86e796cf0ac2?s=96&d=mm&r=g","contentUrl":"https:\/\/secure.gravatar.com\/avatar\/ad07ca854bf380f1421fcd1a31eb43defaab7bca7131dc2c111a86e796cf0ac2?s=96&d=mm&r=g","caption":"girard"},"sameAs":["https:\/\/www.karatesherbrooke.ca"],"url":"https:\/\/www.karatesherbrooke.ca\/index.php\/author\/girard\/"}]}},"_links":{"self":[{"href":"https:\/\/www.karatesherbrooke.ca\/index.php\/wp-json\/wp\/v2\/pages\/47","targetHints":{"allow":["GET"]}}],"collection":[{"href":"https:\/\/www.karatesherbrooke.ca\/index.php\/wp-json\/wp\/v2\/pages"}],"about":[{"href":"https:\/\/www.karatesherbrooke.ca\/index.php\/wp-json\/wp\/v2\/types\/page"}],"author":[{"embeddable":true,"href":"https:\/\/www.karatesherbrooke.ca\/index.php\/wp-json\/wp\/v2\/users\/1"}],"replies":[{"embeddable":true,"href":"https:\/\/www.karatesherbrooke.ca\/index.php\/wp-json\/wp\/v2\/comments?post=47"}],"version-history":[{"count":82,"href":"https:\/\/www.karatesherbrooke.ca\/index.php\/wp-json\/wp\/v2\/pages\/47\/revisions"}],"predecessor-version":[{"id":1818,"href":"https:\/\/www.karatesherbrooke.ca\/index.php\/wp-json\/wp\/v2\/pages\/47\/revisions\/1818"}],"wp:featuredmedia":[{"embeddable":true,"href":"https:\/\/www.karatesherbrooke.ca\/index.php\/wp-json\/wp\/v2\/media\/1008"}],"wp:attachment":[{"href":"https:\/\/www.karatesherbrooke.ca\/index.php\/wp-json\/wp\/v2\/media?parent=47"}],"curies":[{"name":"wp","href":"https:\/\/api.w.org\/{rel}","templated":true}]}}