{"id":148,"date":"2023-08-04T15:28:47","date_gmt":"2023-08-04T19:28:47","guid":{"rendered":"https:\/\/www.karatesherbrooke.ca\/?page_id=148"},"modified":"2025-09-03T13:39:05","modified_gmt":"2025-09-03T17:39:05","slug":"inscription-karate-kobujutsu","status":"publish","type":"page","link":"https:\/\/www.karatesherbrooke.ca\/indexphp\/inscriptions\/","title":{"rendered":"Inscription"},"content":{"rendered":"\n<div class=\"wp-block-columns is-layout-flex wp-container-core-columns-is-layout-9d6595d7 wp-block-columns-is-layout-flex\">\n<div class=\"wp-block-column is-layout-flow wp-block-column-is-layout-flow\" style=\"flex-basis:20%\">\n<figure class=\"wp-block-image size-full\"><img loading=\"lazy\" decoding=\"async\" width=\"240\" height=\"210\" src=\"https:\/\/www.karatesherbrooke.ca\/wp-content\/uploads\/2023\/08\/Chito-Ryu-fond-gris.jpg\" alt=\"Logo du Chito-ryu : inscription\n\" class=\"wp-image-142\"\/><\/figure>\n<\/div>\n\n\n\n<div class=\"wp-block-column is-layout-flow wp-block-column-is-layout-flow\" style=\"flex-basis:70%\">\n<h2 class=\"wp-block-heading alignwide has-text-align-center has-large-font-size\" id=\"h-inscrivez-vous\">Inscrivez-vous!<\/h2>\n\n\n\n<h1 class=\"wp-block-heading has-text-align-center has-large-font-size\" id=\"h-au-karate-ou-au-kobujutsu\">Au karat\u00e9 ou au kobujutsu<\/h1>\n<\/div>\n\n\n\n<div class=\"wp-block-column is-layout-flow wp-block-column-is-layout-flow\" style=\"flex-basis:20%\">\n<figure class=\"wp-block-image size-full\"><img loading=\"lazy\" decoding=\"async\" width=\"180\" height=\"180\" src=\"https:\/\/www.karatesherbrooke.ca\/wp-content\/uploads\/2023\/08\/kobujutsu.jpg\" alt=\"Logo du kobujutsu : inscrption\n\" class=\"wp-image-143\" srcset=\"https:\/\/www.karatesherbrooke.ca\/wp-content\/uploads\/2023\/08\/kobujutsu.jpg 180w, https:\/\/www.karatesherbrooke.ca\/wp-content\/uploads\/2023\/08\/kobujutsu-150x150.jpg 150w\" sizes=\"auto, (max-width: 180px) 100vw, 180px\" \/><\/figure>\n<\/div>\n<\/div>\n\n\n\n<p class=\"has-medium-font-size\">Vous pouvez compl\u00e9ter votre inscription en ligne (formulaire), sur place ou par t\u00e9l\u00e9phone.<\/p>\n\n\n\n<h2 class=\"wp-block-heading has-text-align-left has-white-color has-black-background-color has-text-color has-background\" id=\"h-debut-des-cours-le-mardi-9-septembre-et-le-jeudi-11-septembre-2025\" style=\"font-size:24px\"><strong>D\u00e9but des cours : le mardi 9 septembre et le jeudi 11 septembre 2025<\/strong><\/h2>\n\n\n\n<div class=\"wp-block-columns is-layout-flex wp-container-core-columns-is-layout-9d6595d7 wp-block-columns-is-layout-flex\">\n<div class=\"wp-block-column has-cyan-bluish-gray-background-color has-background is-layout-flow wp-block-column-is-layout-flow\">\n<h2 class=\"wp-block-heading has-text-align-center\" id=\"h-inscription-karate-seul-ou-en-famille\">Inscription karat\u00e9 (seul ou en famille)<\/h2>\n\n\n\n<div class=\"wp-block-columns is-layout-flex wp-container-core-columns-is-layout-9d6595d7 wp-block-columns-is-layout-flex\">\n<div class=\"wp-block-column has-background is-layout-flow wp-block-column-is-layout-flow\" style=\"background-color:#f1f1f1\">\n<p class=\"has-text-align-center has-black-color has-text-color has-medium-font-size\"><strong>En ligne <\/strong><\/p>\n\n\n\n<p class=\"has-text-align-center has-black-color has-text-color has-medium-font-size\">Remplissez notre <strong><a href=\"https:\/\/www.karatesherbrooke.ca\/index.php\/formulaire-inscription-karate\/\">formulaire<\/a><\/strong><\/p>\n<\/div>\n\n\n\n<div class=\"wp-block-column has-background is-layout-flow wp-block-column-is-layout-flow\" style=\"background-color:#f1f1f1\">\n<p class=\"has-text-align-center has-black-color has-text-color has-medium-font-size\"><strong>Par t\u00e9l\u00e9phone <\/strong><\/p>\n\n\n\n<p class=\"has-text-align-center has-black-color has-text-color has-medium-font-size\"><strong> 873-888-8314<\/strong><\/p>\n<\/div>\n<\/div>\n\n\n\n<hr class=\"wp-block-separator has-text-color has-black-color has-alpha-channel-opacity has-black-background-color has-background is-style-wide\"\/>\n\n\n\n<p class=\"has-text-align-center has-medium-font-size\"><strong>Sur place<\/strong><\/p>\n\n\n\n<p class=\"has-text-align-center has-medium-font-size\"><strong>Venez essayer deux semaines de cours gratuits <\/strong><br><strong>et inscrivez-vous sur place!<\/strong><\/p>\n<\/div>\n\n\n\n<div class=\"wp-block-column has-cyan-bluish-gray-background-color has-background is-layout-flow wp-block-column-is-layout-flow\">\n<h2 class=\"wp-block-heading has-text-align-center\" id=\"h-inscription-kobujutsu\">Inscription kobujutsu<\/h2>\n\n\n\n<div class=\"wp-block-columns is-layout-flex wp-container-core-columns-is-layout-9d6595d7 wp-block-columns-is-layout-flex\">\n<div class=\"wp-block-column has-background is-layout-flow wp-block-column-is-layout-flow\" style=\"background-color:#f1f1f1\">\n<p class=\"has-text-align-center has-medium-font-size\"><strong>En ligne<\/strong><\/p>\n\n\n\n<p class=\"has-text-align-center has-medium-font-size\">Remplissez le<a href=\"https:\/\/www.karatesherbrooke.ca\/index.php\/formulaire-inscription-kobujutsu\/\" data-type=\"URL\" data-id=\"https:\/\/www.karatesherbrooke.ca\/index.php\/formulaire-inscription-kobujutsu\/\"> <strong>formulaire<\/strong><\/a><\/p>\n<\/div>\n\n\n\n<div class=\"wp-block-column has-background is-layout-flow wp-block-column-is-layout-flow\" style=\"background-color:#f1f1f1\">\n<p class=\"has-text-align-center has-black-color has-text-color has-medium-font-size\"><strong>Par t\u00e9l\u00e9phone <\/strong><\/p>\n\n\n\n<p class=\"has-text-align-center has-black-color has-text-color has-medium-font-size\"><strong> 873-888-8314<\/strong><\/p>\n<\/div>\n<\/div>\n\n\n\n<hr class=\"wp-block-separator has-text-color has-black-color has-alpha-channel-opacity has-black-background-color has-background is-style-wide\"\/>\n\n\n\n<p class=\"has-text-align-center has-medium-font-size\"><strong>Sur place<\/strong><\/p>\n\n\n\n<p class=\"has-text-align-center has-medium-font-size\"><strong>Venez essayer deux semaines de cours gratuits<\/strong><br><strong> et inscrivez-vous sur place!<\/strong><\/p>\n<\/div>\n<\/div>\n\n\n\n<hr class=\"wp-block-separator has-text-color has-black-color has-alpha-channel-opacity has-black-background-color has-background is-style-wide\"\/>\n\n\n\n<h2 class=\"wp-block-heading has-text-align-center\" id=\"h-plus-d-informations\">Plus d&#8217;informations !<\/h2>\n\n\n\n<div class=\"wp-block-columns is-layout-flex wp-container-core-columns-is-layout-9d6595d7 wp-block-columns-is-layout-flex\">\n<div class=\"wp-block-column is-layout-flow wp-block-column-is-layout-flow\">\n<ul class=\"wp-block-social-links aligncenter has-visible-labels is-layout-flex wp-block-social-links-is-layout-flex\"><li class=\"wp-social-link wp-social-link-facebook  wp-block-social-link\"><a rel=\"noopener nofollow\" target=\"_blank\" href=\"https:\/\/www.facebook.com\/groups\/dojokazoku\" class=\"wp-block-social-link-anchor\"><svg width=\"24\" height=\"24\" viewBox=\"0 0 24 24\" version=\"1.1\" xmlns=\"http:\/\/www.w3.org\/2000\/svg\" aria-hidden=\"true\" focusable=\"false\"><path d=\"M12 2C6.5 2 2 6.5 2 12c0 5 3.7 9.1 8.4 9.9v-7H7.9V12h2.5V9.8c0-2.5 1.5-3.9 3.8-3.9 1.1 0 2.2.2 2.2.2v2.5h-1.3c-1.2 0-1.6.8-1.6 1.6V12h2.8l-.4 2.9h-2.3v7C18.3 21.1 22 17 22 12c0-5.5-4.5-10-10-10z\"><\/path><\/svg><span class=\"wp-block-social-link-label\">Suivez les activit\u00e9s du dojo sur Facebook<\/span><\/a><\/li><\/ul>\n<\/div>\n\n\n\n<div class=\"wp-block-column is-layout-flow wp-block-column-is-layout-flow\">\n<p class=\"has-text-align-center has-medium-font-size\"><strong><a data-type=\"mailto\" data-id=\"mailto:dojokazoku.sherbrooke@gmail.com\" href=\"mailto:dojokazoku.sherbrooke@gmail.com\">\u00c9crivez-nous<\/a> ou appelez-nous!<\/strong><\/p>\n<\/div>\n\n\n\n<div class=\"wp-block-column is-layout-flow wp-block-column-is-layout-flow\">\n<ul class=\"wp-block-social-links aligncenter has-visible-labels is-layout-flex wp-block-social-links-is-layout-flex\"><li class=\"wp-social-link wp-social-link-facebook  wp-block-social-link\"><a rel=\"noopener nofollow\" target=\"_blank\" href=\"https:\/\/www.facebook.com\/profile.php?id=100066665259833\" class=\"wp-block-social-link-anchor\"><svg width=\"24\" height=\"24\" viewBox=\"0 0 24 24\" version=\"1.1\" xmlns=\"http:\/\/www.w3.org\/2000\/svg\" aria-hidden=\"true\" focusable=\"false\"><path d=\"M12 2C6.5 2 2 6.5 2 12c0 5 3.7 9.1 8.4 9.9v-7H7.9V12h2.5V9.8c0-2.5 1.5-3.9 3.8-3.9 1.1 0 2.2.2 2.2.2v2.5h-1.3c-1.2 0-1.6.8-1.6 1.6V12h2.8l-.4 2.9h-2.3v7C18.3 21.1 22 17 22 12c0-5.5-4.5-10-10-10z\"><\/path><\/svg><span class=\"wp-block-social-link-label\">Suivez le Kobujutsu sur Facebook<\/span><\/a><\/li><\/ul>\n<\/div>\n<\/div>\n\n\n\n<hr class=\"wp-block-separator has-text-color has-black-color has-alpha-channel-opacity has-black-background-color has-background is-style-wide\"\/>\n\n\n\n<p style=\"font-size:16px\">Nous sommes membres des <a href=\"https:\/\/www.chito-ryu-quebec.ca\/\">associations qu\u00e9becoise<\/a> et <a href=\"https:\/\/canadianchitoryu.ca\/\">canadienne<\/a> de Karat\u00e9 Chito-Ryu ainsi que de l&#8217;<a href=\"https:\/\/www.sportspourtous.ca\/ACRKK\/index.html\">Association Canadienne de RyuKyu Kobujutsu.<\/a><\/p>\n\n\n\n<p class=\"has-cyan-bluish-gray-background-color has-background has-medium-font-size\"><a href=\"https:\/\/www.karatesherbrooke.ca\">Retour \u00e0 la page d&#8217;accueil&#8230;&#8230;.<\/a><\/p>\n","protected":false},"excerpt":{"rendered":"<p>Inscrivez-vous! Au karat\u00e9 ou au kobujutsu Vous pouvez compl\u00e9ter votre inscription en ligne (formulaire), sur place ou par t\u00e9l\u00e9phone. D\u00e9but des cours : le mardi<\/p>\n","protected":false},"author":1,"featured_media":0,"parent":0,"menu_order":0,"comment_status":"closed","ping_status":"closed","template":"","meta":{"ngg_post_thumbnail":0,"footnotes":""},"class_list":["post-148","page","type-page","status-publish","hentry"],"yoast_head":"<!-- This site is optimized with the Yoast SEO Premium plugin v27.4 (Yoast SEO v27.4) - https:\/\/yoast.com\/product\/yoast-seo-premium-wordpress\/ -->\n<title>Inscription au cours de karat\u00e9 et de kobudo (kobujutsu)<\/title>\n<meta name=\"description\" content=\"Nous offrons des cours de Karat\u00e9 traditionnel japonais (Chito-Ryu) et de Kobujutsu (armes traditionnelles). Inscription en ligne ou sur place\" \/>\n<meta name=\"robots\" content=\"index, follow, max-snippet:-1, max-image-preview:large, max-video-preview:-1\" \/>\n<link rel=\"canonical\" href=\"https:\/\/www.karatesherbrooke.ca\/indexphp\/inscriptions\/\" \/>\n<meta property=\"og:locale\" content=\"fr_CA\" \/>\n<meta property=\"og:type\" content=\"article\" \/>\n<meta property=\"og:title\" content=\"Cours de karat\u00e9 et de kobudo \u00e0 Sherbrooke - Dojo Kazoku Sherbrooke\" \/>\n<meta property=\"og:description\" content=\"\u00c9cole d&#039;arts martiaux offrant des cours de karat\u00e9 traditionnel japonais et de kobudo (armes traditionnelles) pour tous (individuel ou en famille)\" \/>\n<meta property=\"og:url\" content=\"https:\/\/www.karatesherbrooke.ca\/indexphp\/inscriptions\/\" \/>\n<meta property=\"og:site_name\" content=\"Dojo Kazoku Sherbrooke\" \/>\n<meta property=\"article:publisher\" content=\"https:\/\/www.facebook.com\/groups\/dojokazoku\" \/>\n<meta property=\"article:modified_time\" content=\"2025-09-03T17:39:05+00:00\" \/>\n<meta property=\"og:image\" content=\"https:\/\/www.karatesherbrooke.ca\/wp-content\/uploads\/2023\/08\/Chito-Ryu-fond-gris.jpg\" \/>\n\t<meta property=\"og:image:width\" content=\"240\" \/>\n\t<meta property=\"og:image:height\" content=\"210\" \/>\n\t<meta property=\"og:image:type\" content=\"image\/jpeg\" \/>\n<meta name=\"twitter:card\" content=\"summary_large_image\" \/>\n<meta name=\"twitter:label1\" content=\"Estimation du temps de lecture\" \/>\n\t<meta name=\"twitter:data1\" content=\"1 minute\" \/>\n<!-- \/ Yoast SEO Premium plugin. -->","yoast_head_json":{"title":"Inscription au cours de karat\u00e9 et de kobudo (kobujutsu)","description":"Nous offrons des cours de Karat\u00e9 traditionnel japonais (Chito-Ryu) et de Kobujutsu (armes traditionnelles). Inscription en ligne ou sur place","robots":{"index":"index","follow":"follow","max-snippet":"max-snippet:-1","max-image-preview":"max-image-preview:large","max-video-preview":"max-video-preview:-1"},"canonical":"https:\/\/www.karatesherbrooke.ca\/indexphp\/inscriptions\/","og_locale":"fr_CA","og_type":"article","og_title":"Cours de karat\u00e9 et de kobudo \u00e0 Sherbrooke - Dojo Kazoku Sherbrooke","og_description":"\u00c9cole d'arts martiaux offrant des cours de karat\u00e9 traditionnel japonais et de kobudo (armes traditionnelles) pour tous (individuel ou en famille)","og_url":"https:\/\/www.karatesherbrooke.ca\/indexphp\/inscriptions\/","og_site_name":"Dojo Kazoku Sherbrooke","article_publisher":"https:\/\/www.facebook.com\/groups\/dojokazoku","article_modified_time":"2025-09-03T17:39:05+00:00","og_image":[{"width":240,"height":210,"url":"https:\/\/www.karatesherbrooke.ca\/wp-content\/uploads\/2023\/08\/Chito-Ryu-fond-gris.jpg","type":"image\/jpeg"}],"twitter_card":"summary_large_image","twitter_misc":{"Estimation du temps de lecture":"1 minute"},"schema":{"@context":"https:\/\/schema.org","@graph":[{"@type":"Article","@id":"https:\/\/www.karatesherbrooke.ca\/indexphp\/inscriptions\/#article","isPartOf":{"@id":"https:\/\/www.karatesherbrooke.ca\/indexphp\/inscriptions\/"},"author":{"name":"girard","@id":"https:\/\/www.karatesherbrooke.ca\/#\/schema\/person\/6d8fd686824829e72318a03e4c133917"},"headline":"Inscription","datePublished":"2023-08-04T19:28:47+00:00","dateModified":"2025-09-03T17:39:05+00:00","mainEntityOfPage":{"@id":"https:\/\/www.karatesherbrooke.ca\/indexphp\/inscriptions\/"},"wordCount":122,"publisher":{"@id":"https:\/\/www.karatesherbrooke.ca\/#organization"},"image":{"@id":"https:\/\/www.karatesherbrooke.ca\/indexphp\/inscriptions\/#primaryimage"},"thumbnailUrl":"https:\/\/www.karatesherbrooke.ca\/wp-content\/uploads\/2023\/08\/Chito-Ryu-fond-gris.jpg","inLanguage":"fr-CA"},{"@type":"WebPage","@id":"https:\/\/www.karatesherbrooke.ca\/indexphp\/inscriptions\/","url":"https:\/\/www.karatesherbrooke.ca\/indexphp\/inscriptions\/","name":"Inscription au cours de karat\u00e9 et de kobudo (kobujutsu)","isPartOf":{"@id":"https:\/\/www.karatesherbrooke.ca\/#website"},"primaryImageOfPage":{"@id":"https:\/\/www.karatesherbrooke.ca\/indexphp\/inscriptions\/#primaryimage"},"image":{"@id":"https:\/\/www.karatesherbrooke.ca\/indexphp\/inscriptions\/#primaryimage"},"thumbnailUrl":"https:\/\/www.karatesherbrooke.ca\/wp-content\/uploads\/2023\/08\/Chito-Ryu-fond-gris.jpg","datePublished":"2023-08-04T19:28:47+00:00","dateModified":"2025-09-03T17:39:05+00:00","description":"Nous offrons des cours de Karat\u00e9 traditionnel japonais (Chito-Ryu) et de Kobujutsu (armes traditionnelles). Inscription en ligne ou sur place","breadcrumb":{"@id":"https:\/\/www.karatesherbrooke.ca\/indexphp\/inscriptions\/#breadcrumb"},"inLanguage":"fr-CA","potentialAction":[{"@type":"ReadAction","target":["https:\/\/www.karatesherbrooke.ca\/indexphp\/inscriptions\/"]}]},{"@type":"ImageObject","inLanguage":"fr-CA","@id":"https:\/\/www.karatesherbrooke.ca\/indexphp\/inscriptions\/#primaryimage","url":"https:\/\/www.karatesherbrooke.ca\/wp-content\/uploads\/2023\/08\/Chito-Ryu-fond-gris.jpg","contentUrl":"https:\/\/www.karatesherbrooke.ca\/wp-content\/uploads\/2023\/08\/Chito-Ryu-fond-gris.jpg","width":240,"height":210},{"@type":"BreadcrumbList","@id":"https:\/\/www.karatesherbrooke.ca\/indexphp\/inscriptions\/#breadcrumb","itemListElement":[{"@type":"ListItem","position":1,"name":"Accueil","item":"https:\/\/www.karatesherbrooke.ca\/"},{"@type":"ListItem","position":2,"name":"Inscription"}]},{"@type":"WebSite","@id":"https:\/\/www.karatesherbrooke.ca\/#website","url":"https:\/\/www.karatesherbrooke.ca\/","name":"Dojo Kazoku Sherbrooke","description":"Cours de karat\u00e9 et kobudo","publisher":{"@id":"https:\/\/www.karatesherbrooke.ca\/#organization"},"alternateName":"Cours de karat\u00e9 et de kobujutsu","potentialAction":[{"@type":"SearchAction","target":{"@type":"EntryPoint","urlTemplate":"https:\/\/www.karatesherbrooke.ca\/?s={search_term_string}"},"query-input":{"@type":"PropertyValueSpecification","valueRequired":true,"valueName":"search_term_string"}}],"inLanguage":"fr-CA"},{"@type":"Organization","@id":"https:\/\/www.karatesherbrooke.ca\/#organization","name":"Dojo Kazoku Sherbrooke","alternateName":"\u00c9cole de karat\u00e9","url":"https:\/\/www.karatesherbrooke.ca\/","logo":{"@type":"ImageObject","inLanguage":"fr-CA","@id":"https:\/\/www.karatesherbrooke.ca\/#\/schema\/logo\/image\/","url":"https:\/\/www.karatesherbrooke.ca\/wp-content\/uploads\/2023\/08\/cropped-cropped-logo-e1690990206920-1.jpg","contentUrl":"https:\/\/www.karatesherbrooke.ca\/wp-content\/uploads\/2023\/08\/cropped-cropped-logo-e1690990206920-1.jpg","width":246,"height":246,"caption":"Dojo Kazoku Sherbrooke"},"image":{"@id":"https:\/\/www.karatesherbrooke.ca\/#\/schema\/logo\/image\/"},"sameAs":["https:\/\/www.facebook.com\/groups\/dojokazoku","https:\/\/www.facebook.com\/profile.php?id=100066665259833"],"description":"\u00c9cole offrant des cours de karat\u00e9 et de kobujutsu \u00e0 Sherbrooke","email":"dojokazoku.sherbrooke@gmail.com","telephone":"873-888-8314","legalName":"Dojo Kazoku Sherbrooke"},{"@type":"Person","@id":"https:\/\/www.karatesherbrooke.ca\/#\/schema\/person\/6d8fd686824829e72318a03e4c133917","name":"girard","image":{"@type":"ImageObject","inLanguage":"fr-CA","@id":"https:\/\/secure.gravatar.com\/avatar\/ad07ca854bf380f1421fcd1a31eb43defaab7bca7131dc2c111a86e796cf0ac2?s=96&d=mm&r=g","url":"https:\/\/secure.gravatar.com\/avatar\/ad07ca854bf380f1421fcd1a31eb43defaab7bca7131dc2c111a86e796cf0ac2?s=96&d=mm&r=g","contentUrl":"https:\/\/secure.gravatar.com\/avatar\/ad07ca854bf380f1421fcd1a31eb43defaab7bca7131dc2c111a86e796cf0ac2?s=96&d=mm&r=g","caption":"girard"},"sameAs":["https:\/\/www.karatesherbrooke.ca"],"url":"https:\/\/www.karatesherbrooke.ca\/index.php\/author\/girard\/"}]}},"_links":{"self":[{"href":"https:\/\/www.karatesherbrooke.ca\/index.php\/wp-json\/wp\/v2\/pages\/148","targetHints":{"allow":["GET"]}}],"collection":[{"href":"https:\/\/www.karatesherbrooke.ca\/index.php\/wp-json\/wp\/v2\/pages"}],"about":[{"href":"https:\/\/www.karatesherbrooke.ca\/index.php\/wp-json\/wp\/v2\/types\/page"}],"author":[{"embeddable":true,"href":"https:\/\/www.karatesherbrooke.ca\/index.php\/wp-json\/wp\/v2\/users\/1"}],"replies":[{"embeddable":true,"href":"https:\/\/www.karatesherbrooke.ca\/index.php\/wp-json\/wp\/v2\/comments?post=148"}],"version-history":[{"count":40,"href":"https:\/\/www.karatesherbrooke.ca\/index.php\/wp-json\/wp\/v2\/pages\/148\/revisions"}],"predecessor-version":[{"id":1795,"href":"https:\/\/www.karatesherbrooke.ca\/index.php\/wp-json\/wp\/v2\/pages\/148\/revisions\/1795"}],"wp:attachment":[{"href":"https:\/\/www.karatesherbrooke.ca\/index.php\/wp-json\/wp\/v2\/media?parent=148"}],"curies":[{"name":"wp","href":"https:\/\/api.w.org\/{rel}","templated":true}]}}